git of 2969?
9
What is the thousands digit of 33675?
3
What is the ten thousands digit of 42291?
4
What is the ten thousands digit of 19235?
1
What is the tens digit of 699?
9
What is the thousands digit of 1995?
1
What is the tens digit of 1458?
5
What is the thousands digit of 2242?
2
What is the units digit of 472?
2
What is the units digit of 38777?
7
What is the ten thousands digit of 40204?
4
What is the tens digit of 1774?
7
What is the units digit of 855?
5
What is the hundreds digit of 7408?
4
What is the units digit of 1124?
4
What is the tens digit of 53287?
8
What is the tens digit of 7779?
7
What is the tens digit of 10028?
2
What is the tens digit of 256?
5
What is the units digit of 52971?
1
What is the ten thousands digit of 27600?
2
What is the units digit of 8042?
2
What is the units digit of 787?
7
What is the hundreds digit of 1687?
6
What is the hundreds digit of 6450?
4
What is the tens digit of 23233?
3
What is the units digit of 498?
8
What is the thousands digit of 4409?
4
What is the tens digit of 4170?
7
What is the units digit of 85?
5
What is the tens digit of 56694?
9
What is the units digit of 89?
9
What is the tens digit of 701?
0
What is the thousands digit of 5068?
5
What is the units digit of 2364?
4
What is the units digit of 7799?
9
What is the hundreds digit of 9542?
5
What is the tens digit of 68?
6
What is the hundreds digit of 3096?
0
What is the thousands digit of 21308?
1
What is the units digit of 30720?
0
What is the tens digit of 8666?
6
What is the ten thousands digit of 22500?
2
What is the hundreds digit of 54734?
7
What is the units digit of 17030?
0
What is the hundreds digit of 1603?
6
What is the tens digit of 2045?
4
What is the units digit of 5302?
2
What is the units digit of 4773?
3
What is the thousands digit of 41006?
1
What is the hundreds digit of 544?
5
What is the tens digit of 1356?
5
What is the units digit of 36531?
1
What is the units digit of 52761?
1
What is the units digit of 1670?
0
What is the hundreds digit of 9904?
9
What is the hundreds digit of 41136?
1
What is the hundreds digit of 7534?
5
What is the thousands digit of 1384?
1
What is the ten thousands digit of 13089?
1
What is the thousands digit of 8161?
8
What is the thousands digit of 1858?
1
What is the hundreds digit of 1166?
1
What is the hundreds digit of 116683?
6
What is the hundreds digit of 3271?
2
What is the units digit of 75972?
2
What is the tens digit of 805?
0
What is the units digit of 39555?
5
What is the units digit of 1031?
1
What is the hundreds digit of 48952?
9
What is the hundreds digit of 820?
8
What is the units digit of 51617?
7
What is the units digit of 1664?
4
What is the tens digit of 284?
8
What is the thousands digit of 6594?
6
What is the units digit of 3744?
4
What is the hundreds digit of 1061?
0
What is the thousands digit of 4410?
4
What is the units digit of 21012?
2
What is the hundreds digit of 37440?
4
What is the thousands digit of 40347?
0
What is the units digit of 58?
8
What is the hundreds digit of 912?
9
What is the hundred thousands digit of 156457?
1
What is the hundreds digit of 8179?
1
What is the ten thousands digit of 32024?
3
What is the tens digit of 799?
9
What is the ten thousands digit of 40510?
4
What is the tens digit of 61395?
9
What is the hundreds digit of 7862?
8
What is the units digit of 169?
9
What is the units digit of 9610?
0
What is the tens digit of 8584?
8
What is the ten thousands digit of 37348?
3
What is the hundreds digit of 50464?
4
What is the thousands digit of 3006?
3
What is the hundreds digit of 35073?
0
What is the units digit of 51193?
3
What is the thousands digit of 11689?
1
What is the units digit of 3524?
4
What is the units digit of 1727?
7
What is the ten thousands digit of 15249?
1
What is the hundreds digit of 128328?
3
What is the thousands digit of 2387?
2
What is the thousands digit of 11650?
1
What is the hundreds digit of 53800?
8
What is the thousands digit of 10617?
0
What is the units digit of 57217?
7
What is the hundreds digit of 54937?
9
What is the units digit of 1862?
2
What is the thousands digit of 4353?
4
What is the thousands digit of 49112?
9
What is the units digit of 683?
3
What is the units digit of 8258?
8
What is the thousands digit of 2426?
2
What is the hundreds digit of 85054?
0
What is the hundreds digit of 139?
1
What is the units digit of 5875?
5
What is the hundreds digit of 643?
6
What is the thousands digit of 6345?
6
What is the tens digit of 77341?
4
What is the units digit of 2068?
8
What is the hundreds digit of 95992?
9
What is the thousands digit of 155009?
5
What is the ten thousands digit of 39569?
3
What is the tens digit of 15695?
9
What is the hundreds digit of 179?
1
What is the tens digit of 1942?
4
What is the hundreds digit of 27617?
6
What is the tens digit of 1069?
6
What is the ten thousands digit of 103248?
0
What is the hundreds digit of 6168?
1
What is the hundreds digit of 27277?
2
What is the thousands digit of 1409?
1
What is the units digit of 7?
7
What is the tens digit of 61783?
8
What is the tens digit of 877?
7
What is the thousands digit of 1443?
1
What is the thousands digit of 82099?
2
What is the units digit of 94?
4
What is the thousands digit of 3060?
3
What is the units digit of 260?
0
What is the units digit of 1149?
9
What is the tens digit of 317?
1
What is the hundreds digit of 6923?
9
What is the tens digit of 6616?
1
What is the hundreds digit of 64962?
9
What is the hundreds digit of 361?
3
What is the hundreds digit of 762?
7
What is the ten thousands digit of 18023?
1
What is the hundreds digit of 3969?
9
What is the hundreds digit of 4771?
7
What is the units digit of 548?
8
What is the tens digit of 95254?
5
What is the tens digit of 1125?
2
What is the thousands digit of 19864?
9
What is the units digit of 1074?
4
What is the tens digit of 500?
0
What is the thousands digit of 3266?
3
What is the tens digit of 259?
5
What is the ten thousands digit of 15753?
1
What is the hundreds digit of 3978?
9
What is the thousands digit of 31615?
1
What is the tens digit of 1045?
4
What is the thousands digit of 9474?
9
What is the hundreds digit of 330?
3
What is the tens digit of 15344?
4
What is the tens digit of 749?
4
What is the units digit of 1984?
4
What is the thousands digit of 2747?
2
What is the thousands digit of 4478?
4
What is the tens digit of 17223?
2
What is the units digit of 800?
0
What is the ten thousands digit of 13203?
1
What is the tens digit of 1362?
6
What is the tens digit of 4000?
0
What is the units digit of 36508?
8
What is the units digit of 1438?
8
What is the hundred thousands digit of 197752?
1
What is the hundreds digit of 5714?
7
What is the tens digit of 106803?
0
What is the thousands digit of 9349?
9
What is the units digit of 2051?
1
What is the thousands digit of 114199?
4
What is the ten thousands digit of 23340?
2
What is the units digit of 7080?
0
What is the hundreds digit of 269?
2
What is the ten thousands digit of 64624?
6
What is the thousands digit of 13335?
3
What is the tens digit of 3761?
6
What is the tens digit of 1551?
5
What is the tens digit of 1280?
8
What is the ten thousands digit of 21871?
2
What is the tens digit of 854?
5
What is the hundreds digit of 4295?
2
What is the units digit of 2569?
9
What is the units digit of 4321?
1
What is the hundreds digit of 3766?
7
What is the ten thousands digit of 30160?
3
What is the hundreds digit of 2601?
6
What is the ten thousands digit of 18700?
1
What is the tens digit of 18793?
9
What is the hundreds digit of 15328?
3
What is the hundreds digit of 955?
9
What is the ten thousands digit of 53359?
5
What is the units digit of 9421?
1
What is the tens digit of 28990?
9
What is the units digit of 15579?
9
What is the units digit of 8878?
8
What is the hundreds digit of 4984?
9
What is the thousands digit of 3230?
3
What is the ten thousands digit of 10690?
1
What is the thousands digit of 158356?
8
What is the thousands digit of 125177?
5
What is the hundreds digit of 31282?
2
What is the units digit of 3?
3
What is the thousands digit of 42773?
2
What is the thousands digit of 6152?
6
What is the ten thousands digit of 36696?
3
What is the units di